8
In base 10, what is -4 + 58144354?
58144350
In base 11, what is -24 + 236594a?
2365926
In base 15, what is 2e4 - -abe7e?
ac273
In base 4, what is -2111 - 2100120131?
-2100122302
In base 10, what is -1 + 25137025?
25137024
In base 5, what is -1214 - -34020?
32301
In base 16, what is -1 + 2200fb?
2200fa
In base 7, what is -4 + 616211562?
616211555
In base 2, what is 1 - -1010000111001110001010?
1010000111001110001011
In base 10, what is -36 + 230483?
230447
In base 3, what is 10 - 21110220102021?
-21110220102011
In base 12, what is 28 + -309ab?
-30983
In base 14, what is -5 + -6769c?
-676a3
In base 11, what is -22 + -368a4?
-36916
In base 13, what is 20950c1 + 0?
20950c1
In base 15, what is -77 + -561?
-5d8
In base 13, what is a9c486 - 0?
a9c486
In base 5, what is -343400320444 + 14?
-343400320430
In base 3, what is -12 + -20012121?
-20012210
In base 3, what is -201 + 102221222111?
102221221210
In base 5, what is 1414 - -1133420?
1140334
In base 10, what is 147348 + 872?
148220
In base 5, what is 2 + -3043043412?
-3043043410
In base 2, what is 1101101000 + -100000010011101?
-11110100110101
In base 10, what is -661528 + -312?
-661840
In base 10, what is 22 + 6613993?
6614015
In base 14, what is -65 + -7b17?
-7b7c
In base 6, what is -12 + 22205415?
22205403
In base 12, what is -289b201 + -1?
-289b202
In base 14, what is -24c0 - -152b0?
12bd0
In base 12, what is 2b253b2 + 6?
2b253b8
In base 16, what is -22b9910 - d?
-22b991d
In base 3, what is 10221 + -1100110101000?
-1100110020002
In base 5, what is -41013124300 + 124?
-41013124121
In base 10, what is 1088 + 277794?
278882
In base 3, what is -1012220220011 + 1021?
-1012220211220
In base 15, what is -3 - -2b775e1?
2b775dd
In base 6, what is -22033 - -22114?
41
In base 12, what is -31 + -642611?
-642642
In base 15, what is -11ecb - -b1?
-11e1a
In base 9, what is -66175 - -5681?
-60384
In base 12, what is -b96339 + 2?
-b96337
In base 2, what is 100100000100110 - 11011011000110?
1000101100000
In base 5, what is 2304124 + -102?
2304022
In base 14, what is -4b - -d854c?
d8501
In base 13, what is -9479 + a64?
-8715
In base 11, what is 42202 + -27?
42186
In base 12, what is -105aa5 - -5b?
-105a46
In base 12, what is 7b48a8 + 0?
7b48a8
In base 10, what is 0 + 2027156?
2027156
In base 5, what is 300130 - 440411?
-140231
In base 12, what is -325 - -3418?
30b3
In base 7, what is -14 + -1536100333?
-1536100350
In base 12, what is 388 + -4989b?
-49513
In base 6, what is 1 - 2531154435?
-2531154434
In base 4, what is 203032002230333 - 3?
203032002230330
In base 9, what is 158816 + -18705?
140111
In base 5, what is 2341 - -4211313?
4214204
In base 15, what is 2 + bc837?
bc839
In base 10, what is -23517563 - 31?
-23517594
In base 16, what is 1c + -75592?
-75576
In base 8, what is 30023352 + 45?
30023417
In base 5, what is -403134440 - 3?
-403134443
In base 14, what is -686ac0 + 22?
-686a9c
In base 9, what is 1218548 - -33?
1218582
In base 2, what is -10010 - -1011111111011001010110101?
1011111111011001010100011
In base 2, what is -1 + 101011001000001000101111?
101011001000001000101110
In base 4, what is 3330213031 + -3020?
3330210011
In base 11, what is 1217784 + -20?
1217764
In base 11, what is 1a45a - -652?
20001
In base 7, what is -114 - -10110222?
10110105
In base 7, what is 223525 - -4053?
230611
In base 9, what is 7887 - -4323?
13321
In base 12, what is -815ab1 + 389?
-815724
In base 12, what is -884594 - -101?
-884493
In base 7, what is -1365544 - -304?
-1365240
In base 12, what is 0 - -1a5534?
1a5534
In base 7, what is -35 + -3304006?
-3304044
In base 3, what is -1011200200210 - 21201?
-1011200222111
In base 15, what is -26893b13 + 0?
-26893b13
In base 13, what is 5 - -ac884?
ac889
In base 7, what is -1033665 + 55?
-1033610
In base 15, what is 51523 + 1c?
51540
In base 8, what is 4 + 1241005?
1241011
In base 7, what is 1 - 2444516310?
-2444516306
In base 4, what is 12113003220 - -322?
12113010202
In base 3, what is 1220 - 2220202101?
-2220200111
In base 16, what is 1c92 - 96?
1bfc
In base 7, what is 422532 + -204?
422325
In base 12, what is -3166 + 2505?
-861
In base 15, what is -5 - 448c4ad?
-448c4b3
In base 2, what is -100010010010111101 - -11010000?
-100010001111101101
In base 4, what is -1012 - -123212302?
123211230
In base 4, what is 1 + -33132021221?
-33132021220
In base 12, what is -264 + 3a91?
3829
In base 11, what is 4055 + -99a4?
-594a
In base 2, what is 11001011011110111101 + 0?
11001011011110111101
In base 16, what is -757 - -2ebd?
2766
In base 10, what is -4684944 + 2?
-4684942
In base 14, what is a4d8cc + 74?
a4d962
In base 13, what is 445b394 + -3?
445b391
In base 5, what is -2334021121 - 20?
-2334021141
In base 14, what is 1141d4 + -68?
11416a
In base 15, what is -c6d + 4224?
34a6
In base 10, what is -658550 + 97?
-658453
In base 2, what is 1001100 + 101111110101010111?
101111110110100011
In base 3, what is 1101 + -1202212202001?
-1202212200200
In base 4, what is -1 - -22210213013?
22210213012
In base 3, what is 11002202121 - 22200222?
10210001122
In base 16, what is -3bba + fd6?
-2be4
In base 6, what is -420514501 + -2?
-420514503
In base 16, what is -1 - -a5da?
a5d9
In base 11, what is 30a6 - 9858?
-6762
In base 4, what is -3020 - -23011213210?
23011210130
In base 10, what is -2 - -11958500?
11958498
In base 8, what is 2 + 132202731?
132202733
In base 11, what is 2598150 + 7?
2598157
In base 4, what is 1011310 + -3122121?
-2110211
In base 13, what is 1476038 - 9?
147602c
In base 5, what is 103422141 - -222?
103422413
In base 14, what is -5 - 2d86678?
-2d8667d
In base 2, what is -101110100010001110 + 101101001?
-101110011100100101
In base 3, what is -11222 + 2100011221212?
2100011202220
In base 16, what is -201 - 2b865?
-2ba66
In base 15, what is -9a3 + -15367?
-15d1a
In base 9, what is 13275883 + -2?
13275881
In base 7, what is 111554223 - -4?
111554230
In base 15, what is e4694e2 - 5?
e4694dc
In base 2, what is 100001000 + -11101001011?
-11001000011
In base 13, what is 113ac18 + 4?
113ac1c
In base 6, what is -1243 + 1552041?
1550354
In base 12, what is -2390bb27 - 0?
-2390bb27
In base 13, what is -614560 + -7?
-614567
In base 4, what is 3 - -12113203313?
12113203322
In base 10, what is 0 - 39535443?
-39535443
In base 5, what is 1112010 + -113?
1111342
In base 15, what is -19 + -2b582a?
-2b5844
In base 8, what is -1 + -73331721?
-73331722
In base 14, what is 1c087c + 19?
1c0897
In base 12, what is -4 - 12163355?
-12163359
In base 8, what is -270 - 1751512?
-1752002
In base 12, what is -3972 + -1738?
-54aa
In base 9, what is 438 - 76051?
-75512
In base 2, what is -10001110001111 + -100010000?
-10010010011111
In base 14, what is -157984 + -1a0?
-157b44
In base 10, what is 66305 + 152?
66457
In base 7, what is -4500 + -21520?
-26320
In base 15, what is 11a79 - 2a3?
117c6
In base 2, what is 10110111011100010101 - -11001110?
10110111011111100011
In base 8, what is -14316 - -270?
-14026
In base 16, what is -cb6627 - 1e?
-cb6645
In base 15, what is -4 - -385e10b?
385e107
In base 7, what is -13442031 - -252?
-13441446
In base 11, what is -5 + 2144039?
2144034
In base 16, what is -388861 - 4?
-388865
In base 12, what is b1228 + -1800?
ab628
In base 4, what is -111 - 13310310?
-13311021
In base 10, what is 15838 + -887?
14951
In base 14, what is 392d - 3921?
c
In base 7, what is -35 - 4355660?
-4356025
In base 10, what is 2 + -32985691?
-32985689
In base 9, what is 1316602 - -1?
1316603
In base 10, what is 1577 - -24047?
25624
In base 12, what is 1411 + a9b4?
10205
In base 12, what is 3 + 7b343b13?
7b343b16
In base 11, what is a9456 - 182?
a9284
In base 13, what is -100797b6 - -4?
-100797b2
In base 8, what is -24400 - 2?
-24402
In base 10, what is -231626 - -1557?
-230069
In base 7, what is -16050 + 55?
-15662
In base 10, what is -96 - 323180?
-323276
In base 7, what is 661052200 + -4?
661052163
In base 5, what is 3032 + -10233002?
-10224420
In base 3, what is 11202011221 - 12012121?
11112222100
In base 10, what is -97806 - -330?
-97476
In base 16, what is -6 + 480dc?
480d6
In base 11, what is -1a37715a - 1?
-1a377160
In base 15, what is 2be724 - -9?
2be72d
In base 5, what is -4222140 + 24333?
-4142302
In base 2, what is -100110010 - 11001100000010001?
-11001100101000011
In base 15, what is 